(s).
3
Let s(d) = 5*d + 4. Let b(y) = -1. Let v(l) = 6*b(l) + s(l). Suppose -12 = -c + 5*j, -2 = 2*c + 2*j + j. Calculate v(c).
8
Let a = -2 + -2. Let j = -1 + a. Let m(q) = q**3 + 6*q**2 + 3*q - 3. Calculate m(j).
7
Let b(i) = 3*i**3 + i**2 + i + 1. Let l be b(-1). Let y be -5 + 4 + (-4)/l. Let r(w) = 6*w**2 - 2*w + 1. Determine r(y).
5
Let o(f) = -7*f - 9. Let k(y) = -10*y - 14. Let l(s) = -5*k(s) + 7*o(s). Calculate l(-4).
3
Let b(u) be the second derivative of -u**4/6 + u**2/2 - 11*u. Let j = -3 + 2. Determine b(j).
-1
Let v(o) = -o - 2. Let a be v(-6). Let w(f) = -1 - f + 0 + a. What is w(3)?
0
Let q(j) = j**3 - 5*j**2 + 3 + 15*j + 5 - 13*j - 4. Give q(4).
-4
Let d be -10*1/(-4)*2. Let b(l) be the third derivative of -l**6/120 + l**5/10 - l**4/4 + l**3 + 2*l**2. Calculate b(d).
1
Let q(b) = b**3 + 3*b**2 + 4*b + 4. Let m(l) = -3*l**2 + l + 1. Let f be m(-1). Give q(f).
-8
Let k(z) = z**3 + 0*z**3 - 4*z**2 - 2*z**3. Let v(o) = -o**2 - 1. Suppose 2*i + 0*i + 2 = 0. Let x(j) = i*v(j) + k(j). Calculate x(-2).
-3
Let k(r) = r - 5*r - r + 2 + 8*r. Determine k(-4).
-10
Let a(p) = -5*p**2 + 1. Let i(l) = l**2 + 14*l - 4. Let x be i(-14). Let s(r) = -6*r**2 + 1. Let b(u) = x*s(u) + 5*a(u). Suppose 5*w - 4 - 1 = 0. What is b(w)?
0
Let d(x) = -4*x - 2. Suppose -2*a - 4*g = 18, 0 = 3*a + a - 4*g. Determine d(a).
10
Let b(n) = 4*n**2 - 3*n + 1. Let o be b(2). Let a(t) = t**2 - 10*t - 10. Let d be a(o). Let y(m) = -6*m**2 - m. Determine y(d).
-7
Let m(r) = -r + 10. Let y be m(8). Let j(z) = -2*z + 3*z - y*z. Let a(p) = -p**2 + 4*p - 3. Let c be a(4). Give j(c).
3
Suppose 0 = v - 0 - 1. Let u be (1 + -3 + v)*7. Let f(h) = -h**3 - 6*h**2 + 8*h + 1. Give f(u).
-6
Let h = 8 - 5. Let x(w) = -6*w**2 - h*w**3 + 1 + 4*w**3 + 3 - 4*w + 3*w**2. Determine x(4).
4
Let q(b) = 2*b**2 - 4*b + 3. Let s = 4 + -11. Let h be s/(-14)*4*1. Calculate q(h).
3
Let h(v) = v + 4. Let w = -7 + 10. Let l = -5 + w. Let x be 7/l + (-3)/6. Calculate h(x).
0
Let j be -2 + 12/(2/1). Suppose -3*g = 6, -4*t - 2*g + j + 0 = 0. Let u(z) be the first derivative of z**3/3 + z**2/2 - 2. What is u(t)?
6
Let k(x) = 2*x**2 - 6*x - 3. Let t be k(4). Let l(y) = y**3 - 6*y**2 + 6*y + 1. Give l(t).
6
Let n(c) be the first derivative of -3/2*c**2 - 4*c - 2 + 1/3*c**3. Let q(o) be the first derivative of n(o). What is q(5)?
7
Let v = 5 - -7. Suppose 4 = -2*o + v. Let x(c) = -c + 5. Determine x(o).
1
Let v(z) be the third derivative of -z**4/24 - z**3/3 + 15*z**2. What is v(-4)?
2
Let w(n) be the first derivative of -n**6/180 - n**5/120 + n**4/24 + 2*n**3/3 + 2. Let q(a) be the third derivative of w(a). Calculate q(1).
-2
Let f(m) be the third derivative of -m**6/120 + m**4/24 - m**3/6 + 3*m**2. Calculate f(1).
-1
Let i(c) be the third derivative of c**6/120 + c**5/15 + c**4/6 - c**3/6 + c**2. Suppose 2*t + 3*t = -15. Determine i(t).
-4
Suppose 2*d - 5 = -3. Suppose j - 3*b - 1 + 4 = 0, -3*j = -5*b + 1. Let y(h) = -3*h**2 + h**2 + h**2 + h + 2*h**j. Give y(d).
2
Let t(v) be the third derivative of -v**5/60 - v**4/4 - 2*v**3/3 + 30*v**2. What is t(-4)?
4
Suppose -4*v = -v. Suppose -a + 6 = 2*d + 4, 4*d - 3*a - 14 = v. Let g = 1 + d. Let y(k) = -k**3 + 3*k**2 + k - 2. What is y(g)?
1
Let v(n) be the third derivative of n**4/12 + 12*n**2. Determine v(3).
6
Let h(j) = j**3 + 3*j**2 + 3*j + 3. Let v be h(-3). Let q(b) = -b**3 - 7*b**2 - 6*b + 1. Determine q(v).
1
Let i(b) = 6*b**2 + 11*b + 0 - b**3 - 3*b - 7. Suppose 2*h - 24 = 2*u, -5*h - 3*u + 19 = -1. What is i(h)?
0
Let m(b) be the third derivative of b**6/60 + b**5/30 - b**4/12 - b**3/2 + b**2. Let r(z) = -z**3 + 4*z**2 - 3*z - 3. Let f be r(3). Let t = 1 + f. Give m(t).
-7
Suppose 0 = -a - 0*v - 3*v - 11, 0 = 3*a - 4*v - 19. Let g(b) = 4*b + 1. Determine g(a).
5
Let g(z) = -z**3 - 12*z**2 - 5. Let o be g(-12). Let q(f) = 5 - 5 + f - 4. Calculate q(o).
-9
Let t(n) = 2*n**2 + 1 + n**3 + n**3 + 0 + 0*n**3. Let h(p) = 8*p**3 + 8*p**2 + p + 4. Let c(v) = 2*h(v) - 9*t(v). Give c(1).
-3
Let s(t) be the third derivative of -t**4/8 + 2*t**3/3 - 33*t**2 - 2*t. What is s(6)?
-14
Let m(b) = -4*b**2 - 6*b + 10*b + 5*b**2 + 3 + 3. Calculate m(-4).
6
Let d(b) = 3*b**3 - 24*b**2 + 31*b. Let v(p) = -2*p**3 + 16*p**2 - 21*p. Let n(s) = 5*d(s) + 7*v(s). Determine n(7).
7
Suppose 4*s + 2 = -y - 6, 2*s = -3*y + 16. Let o(c) = c**3 - 9*c**2 + 9*c - 8. Let z be o(y). Let g be (-2 + 21/9)*z. Let x(k) = -k**2 - k - 5. Give x(g).
-5
Let j(g) = -g + 1. Let z be 0/((-2)/(-5)*5). What is j(z)?
1
Let l(y) = -y**3 + 4*y**2 - y - 1. Let z be (0 - 0)*(0 - 1). Suppose z = 4*c - 5 - 7. Calculate l(c).
5
Let t(j) = 1 - 1 - 4*j + j**2. Let v(g) = -g**3 - 10*g**2 - g + 7. Let y be v(-10). Suppose k - 3*q = y, 4*k + 3*q + 2 = 2*k. Determine t(k).
5
Let l(p) = -p**2 - 3*p + 2. Let j(m) = m**2 + 3*m - 3. Let y(b) = -4*j(b) - 5*l(b). Calculate y(-2).
0
Let u(k) = k**3 - 4*k**2 - k + 1. Let x(r) = r - 9. Let z be x(9). Suppose z = 2*s - 10 + 2. Give u(s).
-3
Let a(y) = y**3 - 4*y**2 + y - 2. Let v(x) = x**3 - 4*x**2 + x - 1. Let r(h) = 3*a(h) - 4*v(h). Let i = 2 + 0. Let u be (-78)/(-21) - i/(-7). What is r(u)?
-6
Suppose 3*r - 4*i = 32, 9 - 3 = 2*r + 5*i. Let p(d) = -d**2 + 6*d + 10. Determine p(r).
-6
Let s be ((4/(-2))/2)/(-1). Let h(b) = b. Calculate h(s).
1
Let a = -14 + 7. Let h(o) be the second derivative of -o**4/12 - 5*o**3/6 + 4*o**2 + 20*o. What is h(a)?
-6
Let h(o) = 6*o**2 - 3*o - 2. Let u(t) = -5*t**2 + 3*t + 2. Let p(k) = 6*h(k) + 7*u(k). Suppose 0 = -0*g + 2*g - 14. Suppose 5*d + 13 + g = 0. Calculate p(d).
6
Let y(k) be the third derivative of k**6/120 - k**5/15 - k**4/12 + k**3 - k**2. Suppose -4*c + 7 = r, 0*r + r - 4*c = -9. Let g be -3*r/3 + 3. Give y(g).
-2
Let o(i) = i - 9 + 2 + 6. Give o(6).
5
Let o be (8/6)/((-2)/(-6)). Let r(w) = 24*w - w**2 + 35*w - 1 - 55*w. What is r(o)?
-1
Let y(i) = 2*i - 6. Let f(c) = -c + 6. Let u be f(3). Suppose 4*k = 4*q + u*k - 35, -4*q - 2*k = -26. Suppose q = 3*p - 7. Determine y(p).
4
Let o(u) = u**2 + u + 20. Let m(f) = -12*f - 24. Let v be m(-2). Calculate o(v).
20
Let v(i) be the third derivative of -i**4/24 - i**3/6 - 11*i**2. Give v(-8).
7
Let n(i) = i**3 + 6*i**2 + 7*i + 7. Let l(k) be the first derivative of -k**4/4 + 4*k**3 + 13*k**2/2 - 5*k + 1. Let x be l(13). Give n(x).
-3
Let q be (-16)/(-32)*(-12)/2. Let s(p) = -3*p**2 - 3*p + 4. Determine s(q).
-14
Let m = 114 + -64. Let p be (m/15)/((-2)/(-3)). Let s(y) = -2*y + 1. Calculate s(p).
-9
Let y = 9 - 3. Let l be (y/(-4))/(2/(-32)). Let c be (l/(-20))/(2/(-10)). Let t(r) = -r + 2. Calculate t(c).
-4
Let z(k) be the third derivative of k**5/60 - k**4/4 + 3*k**2. Calculate z(4).
-8
Let j(w) = -w**2 + 3*w - 10. Let y(p) = 3*p + p - p**2 - 6 - 4. Let f(o) = 3*j(o) - 2*y(o). Determine f(0).
-10
Let n(y) = -y**3 - 3*y**2 - 3*y - 2. Let t(v) be the second derivative of 0 - 1/6*v**3 + v - 7/2*v**2. Let a be t(-5). Calculate n(a).
0
Let b(g) = -g**2 - 15*g - 12. Let u be b(-14). Let d(h) = 3*h - 3. Give d(u).
3
Let g(i) = i**3 + 0*i**3 - 5*i**2 + 4 + 0*i**3 - 8*i + 10*i. Suppose 0*s - 40 = -4*s - 4*o, -5*o = -s - 20. Calculate g(s).
14
Let y(h) = -h**3 + 4*h**2 + 5*h + 2. Let q be y(5). Let g be (1/(-1))/(q/(-6)). Suppose l - g*u = 5*l + 2, 3*l = -u + 1. Let t(a) = -a - 1. What is t(l)?
-2
Let y be 4 + 2/2 - -1. Let g = y - 3. Let t(u) = 2*u - 1. What is t(g)?
5
Let q(f) = 0*f**2 - 310 + 306 + 2*f + f**2. Calculate q(3).
11
Let r(b) = b + 3. Suppose 5*l = -5*v + 2*v + 31, 0 = v + 5*l - 27. Suppose 2*i - 2 = -v*w, -i - i - 3*w = 0. Calculate r(i).
6
Let r(h) = h**3 - 5*h**2 + 3*h + 1. Let o be r(4). Let f(u) = u**2. Calculate f(o).
9
Let i = 7 - 5. Suppose 0 = -5*k + 3*r - i, 0 = 2*k - 4*r - 9 + 21. Let u(o) = 5*o - 5*o**2 - 3*o + 2*o**k + 1 - 3*o. Calculate u(1).
-3
Let s(c) be the first derivative of c**5/20 + c**4/2 + 5*c**3/6 + 7*c**2/2 + c - 1. Let d(y) be the first derivative of s(y). Determine d(-5).
7
Let z(d) = 3*d**3 - d**3 - 2*d**3 - d**3 + 4*d. Determine z(-3).
15
Let u be (-121)/3 + (-5)/(-15). Let s be (9/(-6))/((-9)/(-12)). Let i be (u/(-16))/(1/s). Let a(x) = x**2 + 4*x - 6. Determine a(i).
-1
Suppose -5*t + 5 - 20 = 0. Let p(y) = -y**3 - y**2 - y - 1. Let f(k) = -k**2 - 1. Suppose 4 - 2 = -2*j. Let x(d) = j*p(d) - 2*f(d). What is x(t)?
0
Let u(s) = -s**2 + s - 3. Le